g = -22. Suppose -14 = -2*v - 5*n, -2*n = 3*v - 10 - g. Let a = v + 19. What are the prime factors of a?
2, 13
Let q(k) = -13*k + 10. Let n(a) = -a. Let d(g) = 4*n(g) - q(g). Let h be d(15). Suppose -2*z + h = 5*l - 3*z, -z = 0. What are the prime factors of l?
5
Suppose 2651 = 8*o + 219. Suppose o + 128 = 12*j. What are the prime factors of j?
2, 3
Let g(v) = -v**3 - 8*v**2 - 8*v - 5. Let k be g(-7). Let y = 39 - k. Suppose 2*r - 3*d - 14 = -7*d, -y = -3*r - 2*d. List the prime factors of r.
3, 5
Let r(n) be the third derivative of n**5/30 + 3*n**4/8 + 14*n**3/3 - 26*n**2. What are the prime factors of r(-8)?
2, 3, 7
Let b be 8 + 1*(-1 + -3). Suppose 3*z - 10 = 5*r, 3*r = -r + b. Suppose 0*k - a = 2*k - 70, z*a + 154 = 4*k. What are the prime factors of k?
2, 3
Let b(t) be the first derivative of t**6/360 + t**5/40 - t**4/24 - 2*t**3/3 + 8. Let x(i) be the third derivative of b(i). What are the prime factors of x(-4)?
3
Let k(z) = 3*z**2 + 8*z - 2. Let n be k(-3). What are the prime factors of -1*(4 + -35)*n?
31
List the prime factors of 2 + 2*(0 + (-4235)/(-14)).
607
Let h(g) = -5 - 6*g + 8*g - 1. Let f(k) = -6*k + 18. Let y(t) = 2*f(t) + 7*h(t). What are the prime factors of y(5)?
2
Let h = 4031 + -2696. List the prime factors of h.
3, 5, 89
Let q(t) = t + 7. Let i(s) = 2*s + 14. Let a(j) = 6*i(j) - 11*q(j). Let l be a(-3). Suppose 0 = -l*n + 6*n - 14. List the prime factors of n.
7
Let a(w) be the second derivative of -2*w**3/3 - 11*w**2/2 + 7*w. Let l be ((-1)/4 - (-20)/(-16))*10. List the prime factors of a(l).
7
Let k = 12 - 22. Let a(d) = d**2 + 9*d - 8. Let p be a(k). Let w = p + 8. What are the prime factors of w?
2, 5
What are the prime factors of (-1149 + 0)/((-60)/80)?
2, 383
Let v = 928 - 648. List the prime factors of v.
2, 5, 7
Suppose -4*w - 665 = -5*f + w, 0 = 2*f - 3*w - 267. Let r = f + -53. What are the prime factors of r?
79
Suppose -5*z - f + 4*f = -1459, 5*z - f = 1453. Suppose -13*v + 8*v = -z. What are the prime factors of v?
2, 29
Suppose 0 = 5*o - 24 + 9. Let y(t) = 6 - 3 - 234*t**2 + 236*t**2 - 3*t. What are the prime factors of y(o)?
2, 3
Let a = 1513 - 287. What are the prime factors of a?
2, 613
Suppose -290 = 3*b - 4*f, -5*b + 2*f + 350 = -9*b. Let o = -30 - b. What are the prime factors of o?
2, 3, 5
Let z(y) = 3*y**2 + y - 102. What are the prime factors of z(-16)?
2, 5, 13
Suppose -5*m - 4*q - 51 = 0, -3*m + 0*q - 32 = q. Let n(l) = -5*l + 7. List the prime factors of n(m).
2, 31
Suppose 0 = i + 7*i - 2*i. List the prime factors of (i - (-6)/(-8))*-6*22.
3, 11
Let p(a) = 477*a + 94. What are the prime factors of p(5)?
37, 67
Let j(x) = -x**2 - 7*x - 11. Let t be j(-3). What are the prime factors of t - 3*(-596)/12?
2, 3, 5
Suppose 0*a = -9*a + 549. Suppose -3*i + 304 = -3*w + a, -2*i + 169 = 5*w. What are the prime factors of i?
2, 41
Suppose -46*y = -48*y + 1228. List the prime factors of y.
2, 307
Let w(v) = -v**2 - 10*v + 2. Let t be w(-10). List the prime factors of (-253)/(-4) + t/(-8).
3, 7
Let c = 50 - 46. Suppose c*a = 6*a - 32. What are the prime factors of a?
2
Suppose 6030 = -3*u + 12*u. What are the prime factors of u?
2, 5, 67
Suppose 0 = 2*z - 3*r - 0*r - 12, 4*z + 2*r = 8. Suppose 5*k + 275 = z*w, 4*w + 0*w + 165 = -3*k. Let c = -11 - k. List the prime factors of c.
2, 11
Suppose -c - n = -6 + 1, -3*n + 15 = 0. Let v(l) = 1. Let w(k) = 2*k + 54. Let o(f) = -6*v(f) + w(f). What are the prime factors of o(c)?
2, 3
List the prime factors of (5 - (6 + -7))*244.
2, 3, 61
Suppose -2*x - 4*h + 1188 = -1088, 0 = 3*x - 3*h - 3450. List the prime factors of x.
2, 3, 191
Suppose -m + 1 = 2. Let j be m/(3/(-18)*2). What are the prime factors of 18 + 1 - j/3?
2, 3
Let h = 19 + -17. Suppose 50 = h*p + 4*a, 4*p = -0*a + 2*a + 90. Suppose 3*i - p = 2*i - d, -d = 5*i - 127. List the prime factors of i.
2, 13
Let j(g) = -2*g + 12. Let p be 0*(15/9 + -2). Let r be j(p). Let t = -7 + r. List the prime factors of t.
5
Let k(m) = -2*m - 10. Suppose 4*x + 28 = -20. Let f be k(x). Suppose v = 5*w - 160, -f = -4*w + 2*v + 114. What are the prime factors of w?
2
Let z(g) = g**3 + 12*g**2 - 23*g - 40. List the prime factors of z(-11).
2, 167
Suppose 0*a - 3*a + 21 = 0. Suppose -14 + a = -z. Let t = z - 4. List the prime factors of t.
3
Suppose b - 3*m = 25, -b - 3*m = -3*b + 50. Let l be 1 + 1 + (-2 - -1). Let w = b - l. What are the prime factors of w?
2, 3
Let z = 159 - 85. Let f(o) = -6*o - 73*o**2 + z*o**2 + 14*o - 2. List the prime factors of f(4).
2, 23
Let r = -639 - -887. What are the prime factors of r?
2, 31
Let u(i) = 5*i - 2. List the prime factors of u(28).
2, 3, 23
Suppose 5*s - 677 = -t, -2*s + 671 = -46*t + 47*t. What are the prime factors of t?
23, 29
Suppose -o = 2*k - 6908 + 1233, -k - 11325 = -2*o. List the prime factors of o.
5, 11, 103
Let o(h) = -4 + 6*h**3 + 2*h**3 - 9*h**3 + 7*h**2 - h - 3. What are the prime factors of o(6)?
23
Let x(w) = -11*w - 2. Let b(h) = h**3. Let c be b(0). Suppose 4*m - 5*g - 21 = c, 0 = -m + g - 4 + 8. List the prime factors of x(m).
3
Let i(a) = -a**2 + 24*a - 7. Let j be i(12). Suppose -3*o + j = -16. What are the prime factors of o?
3, 17
Suppose 5*t - 6231 = -4*f + 4*t, 0 = 4*t + 4. List the prime factors of f.
2, 19, 41
Suppose -3*j = t - 9, -t + 5*t = 0. Suppose -b - o = 0, -3*b + 15 = -j*o + o. Suppose c + 48 = z, 0 = b*z - 4*c + 3*c - 146. What are the prime factors of z?
7
Let t(u) = 2*u**2 - 2*u + 4. Suppose -i - 5*p = 3, 0 = 2*i + 2*p + 8 - 2. Let z be t(i). Suppose f = 2*f - z. What are the prime factors of f?
2, 7
Let a = -60 - -58. What are the prime factors of 1290/21 + a - (-6)/(-14)?
59
Suppose 0 = -4*y - 2*c + 4, -4*y - 5*c - 5 - 3 = 0. Suppose -2*u + y*w + 316 = -39, -4*w - 712 = -4*u. What are the prime factors of u?
179
Let i = 264 + 64. What are the prime factors of i?
2, 41
Suppose i + 23759 = 4*u, -5*u + 7798 = 2*i - 21917. List the prime factors of u.
13, 457
Let f(r) = -2*r - 3. Suppose -51 = -4*x - 5*d, 2*d = -2*x - 1 + 25. Let u be f(x). Let z = -10 - u. List the prime factors of z.
11
Let k be (3 + -2 - 3) + 2. Suppose k*x + 88 = 4*x. List the prime factors of x.
2, 11
Let j be (-3)/(-9) + 8/3. Suppose -5*r = 2*z - 0*r - 29, 4*z - j*r = 123. Suppose -z = -3*s - 2*d + d, -5*s = -d - 37. What are the prime factors of s?
2
Let n(m) = m**2 + 5*m + 59. List the prime factors of n(0).
59
Suppose 2*d + 4 = d, d + 10 = 3*j. Suppose j*v = -2*v + 8. Suppose 0 = p + p + 2, 52 = v*t - 4*p. List the prime factors of t.
2, 3
Let h(g) be the second derivative of g**4/12 - 8*g**3/3 - 10*g**2 + 12*g. What are the prime factors of h(19)?
37
What are the prime factors of (-17163)/(-21) - (2 + 24/(-14))?
19, 43
Let g = 57 + 15. Let f = -26 + g. List the prime factors of f.
2, 23
List the prime factors of 2/(-3) + 27574/51.
2, 3, 5
Let l(t) = t**3 - 10*t**2 + 2*t - 8. Let g be l(10). Suppose -g = -2*r - 8. Suppose 0 = 4*z - 3*p - 63, -r*z + 0*p + 21 = -5*p. List the prime factors of z.
2, 3
List the prime factors of (0 - 1) + (-1 - (-377 + -3)).
2, 3, 7
Let a(w) = 6*w**2 + 31*w + 9. List the prime factors of a(-15).
2, 3, 149
Let f(h) = h**2 - 38*h + 132. What are the prime factors of f(38)?
2, 3, 11
Let h = -28 - -28. Suppose h = 47*g - 48*g + 213. What are the prime factors of g?
3, 71
Suppose -4*j - 2353 = -5*c, -5*j = -3*j + 4. List the prime factors of c.
7, 67
Suppose 2*b - 4*b - 36 = -u, -4*b - 76 = -u. Let z = 18 + b. Let q(p) = -20*p - 4. What are the prime factors of q(z)?
2, 3
Let v = -1042 - -1495. What are the prime factors of v?
3, 151
Let n be 225/(-72) + (0 - 2/(-16)). List the prime factors of (4 + -1)/n + (0 - -74).
73
Let w = 2616 + 2025. What are the prime factors of w?
3, 7, 13, 17
Suppose 3*x + 234 = 45. Let t be (-54)/66 - 6/33. Let d = t - x. What are the prime factors of d?
2, 31
Suppose -5*y + 196*i + 8070 = 198*i, 0 = 3*i. List the prime factors of y.
2, 3, 269
Let g(r) = 158*r + 29. What are the prime factors of g(3)?
503
Let l be -1 + ((-6 - -3)*1 - -4). Suppose d - 2*a - 72 = l, 6*a = -3*d + 2*a + 176. What are the prime factors of d?
2
Let g(u) = 9*u**2 - 3*u - 1. Let y be g(-1). Let k(l) = -l**2 + 15*l + 7. List the prime factors of k(y).
3, 17
Suppose 4*b + 0*b = 5*v + 19, 3*v = -5*b + 33. Suppose -213 = -3*l + b*h - 4*h, -